3, 5
Suppose 0 = 6*m - 2*m - 136. Suppose 96 = 3*b + 4*q, -b + 2*q - m = -2*b. List the prime factors of b.
2, 7
Suppose -4940 = -8*l - 2*l. What are the prime factors of l?
2, 13, 19
Let c = 86 + 139. List the prime factors of c.
3, 5
Let t be 2/(-8) - 66/(-8). Let s be 15/3 + (t - 6). Suppose -437 + 143 = -s*i. What are the prime factors of i?
2, 3, 7
Suppose 2*z + 65 = -33. Suppose -3*x - 9 = -0*l + l, 0 = -l - 2*x - 5. Let m = l - z. List the prime factors of m.
2, 13
Let o(c) = -26*c - 5. Let n be 9/(-4) + (-4)/(-16). List the prime factors of o(n).
47
Suppose -290 = -4*z + 2*y - 4*y, -368 = -5*z + 3*y. Suppose -h + 2*h = 5, -2*k + z = h. What are the prime factors of k?
2, 17
Suppose -19781 = -42*w + 3277. List the prime factors of w.
3, 61
List the prime factors of (-1122)/4*60/(-90).
11, 17
Let a(c) = 2*c - 8*c**2 - 108*c**3 + 107*c**3 - 14 - 3*c. What are the prime factors of a(-9)?
2, 19
Suppose z + 326 = 4*a - 96, 424 = 4*a - 2*z. List the prime factors of a.
3, 5, 7
Suppose 0 = f + 6*t - 10*t - 156, -t = -3. List the prime factors of f.
2, 3, 7
Suppose 2*x - 5*s - 45 = 0, -3*x + 7 = s - 18. List the prime factors of ((120/x)/6)/(1/106).
2, 53
Suppose 0 = 4*c + 10 - 26. Let t be (-14)/c - 4/(-8). What are the prime factors of (5 - 1)/((-2)/t)?
2, 3
Let n(u) = 18*u**2 + u + 1. Let w(y) = 5*y + 11. Let l(q) = 4*q + 10. Let o(c) = 4*l(c) - 3*w(c). Let s be o(-8). What are the prime factors of n(s)?
2, 3
What are the prime factors of 40/(-25)*-10 + 7?
23
Let r be (2 - 0/2) + 2. Let i = r - 2. Let t(c) = 3*c**2 - c - 2. What are the prime factors of t(i)?
2
Let k(i) = -i**2 + 9*i + 26. Let m be k(11). Suppose 3*n - 3*h - 183 = 0, 0*h - 244 = -m*n - 4*h. What are the prime factors of n?
61
Let y(d) = -16*d - 22. Let n = 40 - 49. List the prime factors of y(n).
2, 61
Let o be 8/(-56) + (-45)/(-21). Suppose -o*l + 7*l = 1090. What are the prime factors of l?
2, 109
Suppose 1617 = 62*l - 429. List the prime factors of l.
3, 11
Let c be 4 + -2 + 38*-1. Suppose 0 = -l + 8 - 59. Let k = c - l. What are the prime factors of k?
3, 5
Suppose -6*l + 2084 = -382. What are the prime factors of l?
3, 137
Let x = 2 - -4. Let z = 71 - x. Suppose 4*j = z + 83. List the prime factors of j.
37
Let j = 3260 + -449. List the prime factors of j.
3, 937
Suppose -129*f - 6324 = -133*f. What are the prime factors of f?
3, 17, 31
Let m(k) = 2 + 0 - 3*k**2 - 5 - 2*k**2. Let i be m(3). Let d = i + 77. What are the prime factors of d?
29
Let v be (-32)/(-4) - 2 - (2 + -1). Suppose 2*q + v = 119. List the prime factors of q.
3, 19
Suppose 3*l = 4*q - 0*q + 484, 3*l + 4*q = 500. Suppose -76 = -x + 5*p, 2*x + 4*p = 8*p + l. List the prime factors of x.
2, 43
Let u = 4 + 7. Suppose 3*d = 2*n + 21, -n = -5*d + 67 - 25. Let b = u - d. List the prime factors of b.
2
What are the prime factors of 14/63 - ((-192050)/45 - -4)?
2, 13, 41
Suppose 2*m = 102 - 12. Let l = 1 + m. Suppose 184 = 4*i + 4*w, -3*w = -2*i + 26 + l. List the prime factors of i.
2, 3, 7
Let j(b) = -b**3 - 5*b**2 + 2*b - 19. Let g be j(-6). Suppose 0 = g*o - 4*o - 107. What are the prime factors of o?
107
Let s = -49 - -99. Suppose 0 = -4*i - 30 - s. What are the prime factors of i/(-6)*195/10?
5, 13
Let s(i) = -i + 4*i**2 + 4 + 2*i - 2. Let v = -83 + 81. List the prime factors of s(v).
2
Suppose -3757 = -13*v + 2509. List the prime factors of v.
2, 241
Suppose 0 = -5*m + 2*m + 9. Suppose 105 = 5*r - 3*b, 5*b + 0*b - 21 = -r. Suppose -42 = -m*n + r. List the prime factors of n.
3, 7
Let b = -3 + -28. Let j(p) = -62*p**3 + 2*p + 2. Let s be j(-1). Let x = s + b. List the prime factors of x.
31
Let w be (-24)/64 + (-3)/(-8). Suppose -j + 34 = -w*j. Suppose j = 2*b - 80. List the prime factors of b.
3, 19
Let a(h) = -h + 1. Suppose 3*l + 3 + 3 = 0. Let r be a(l). Suppose r*w - 5*d + 19 = 77, 0 = -5*w - 3*d + 74. List the prime factors of w.
2
Let s(z) = 11*z**3 - 3*z**2 + 24*z - 111. List the prime factors of s(4).
641
Suppose -4*u - 8144 = -5*h - u, 2*h = -5*u + 3270. Suppose j - h = -9*j. What are the prime factors of j?
163
Suppose -228 = -4*q + 2*q - 4*z, 0 = z + 5. Suppose -3*h + q = -4*a - 19, 0 = a + h + 41. Let y = 69 + a. List the prime factors of y.
31
Suppose b = -2*b + 519. Suppose 2*x - 5*g - 55 = b, 4*x = -5*g + 516. List the prime factors of x.
2, 31
Suppose 10*y = 16*y - 72. Suppose 462 = -5*r + y*r. What are the prime factors of r?
2, 3, 11
Suppose 4*w - 3114 = 2*s, 791 = -0*w + w - 3*s. List the prime factors of w.
2, 97
Suppose -y = 3 + 1, -2*u + y + 992 = 0. What are the prime factors of u?
2, 13, 19
Suppose 27*k - 30*k = -834. List the prime factors of k.
2, 139
Suppose 2*a + 2 = -0*a. Let q = -67 - -68. What are the prime factors of 41 + -5 + q + a?
2, 3
Let b = 47 + -47. Suppose -4*n + 5*g + 116 + 100 = b, -3*n + 5*g + 157 = 0. List the prime factors of n.
59
Suppose 4*l - 1559 = q + 4316, -3*q = -3. List the prime factors of l.
13, 113
Let w = 572 + -390. What are the prime factors of w?
2, 7, 13
Let v(b) = 5*b + 9 - b - 29 + 4*b. List the prime factors of v(6).
2, 7
Let h be 37/(3/(-6) + 1). Suppose 5*c - 212 = 2*c - l, 2*l - h = -c. What are the prime factors of c?
2, 5, 7
Suppose -2158 = -2*a + 4*m, -3*m = -3*a - 2*m + 3217. What are the prime factors of a?
3, 7, 17
Let n = -28 + 30. Suppose -4*t + 110 = n*x, -t = x + 3*t - 49. What are the prime factors of x?
61
Let h(m) = -m**3 - m**2 - 6*m - 9. Suppose 16 + 14 = -6*b. List the prime factors of h(b).
11
Suppose -10*a + 192 = -8*a. Let k = a + -58. What are the prime factors of k?
2, 19
Let z be 12/10*(-45)/18. What are the prime factors of ((-18)/(-4))/(z/(-6))?
3
Suppose 4*b = 4, y + 4*b = 3*y - 292. Let i = -105 + y. What are the prime factors of i?
43
Suppose -i + 17 = -18. Let v = 1 + 3. Suppose -u + i = v*u. What are the prime factors of u?
7
Let z(y) be the first derivative of 3*y**3 - y**2/2 + 9. Let h = 3 - 5. What are the prime factors of z(h)?
2, 19
Suppose -39788 = -66*y - 6062. What are the prime factors of y?
7, 73
Suppose -20628 = 59*t - 77*t. List the prime factors of t.
2, 3, 191
Suppose 0 = 4*d - 4, 3*c - 2*c - d = 78. What are the prime factors of c?
79
Suppose 2*z + 2*h - 53 = 109, h = -5*z + 409. Let w = 173 - z. List the prime factors of w.
7, 13
Let m = 517 + -258. Suppose m = 6*r - 113. List the prime factors of r.
2, 31
Let m = 24 + -15. Suppose 0 = o + 5*y - m, 0 = -o - 0*o + 5*y - 1. Suppose -o*b = -2*n - 90, -69 = -3*b - n + 3*n. What are the prime factors of b?
3, 7
Let u be (-8)/(-12) - (-1 - (-8)/12). Let l(c) = 204*c - 2. List the prime factors of l(u).
2, 101
What are the prime factors of 26/(-91) + (-3005)/(-7)?
3, 11, 13
Let v = 18 + -9. Suppose -12*c - 48 = -v*c. Let t = 22 + c. What are the prime factors of t?
2, 3
Let i = 39 - 39. Suppose 8*g - 6*g - 88 = i. List the prime factors of g.
2, 11
Let o = -42 + 48. Let p(h) = 8*h + 1. What are the prime factors of p(o)?
7
Let n(v) = 278*v + 115. List the prime factors of n(10).
3, 5, 193
Let n(r) = -r**2 + 5*r + 6. Let c = -11 + 17. Let t be n(c). Suppose v - 15 - 3 = t. What are the prime factors of v?
2, 3
Let k = -258 - -146. Let w = -93 - k. What are the prime factors of w?
19
Suppose 0 = 3*f - 22 + 7. Suppose 5*h + 40 = 3*b, -f*h = -14 + 39. Suppose 0 = x - q - 0*q - 45, -b*q + 125 = 2*x. List the prime factors of x.
2, 5
Suppose -4 = 2*m, 3*l - 36 + 3 = 3*m. List the prime factors of ((-6)/l)/(4/(-66)).
11
Let v be 2/3*(-2 - 1) + 3. List the prime factors of (v*(2 - 31))/((-2)/4).
2, 29
Let p(x) = 11*x**2 + 14*x + 17. What are the prime factors of p(7)?
2, 3, 109
Let v(a) = 11*a - 33. Let x be v(7). Suppose x = -8*l + 12*l. List the prime factors of l.
11
Let g = -1 + 4. Let n be g + -2 - (-4 - 2). Let p = 11 - n. What are the prime factors of p?
2
Let m(i) = i**3 - 18*i**2 - 13*i + 14. Let s(j) = j**2 - 9*j - 3. Let c be s(11). List the prime factors of m(c).
2
Let q be 24/(-5)*(-24 - (-4)/1). Suppose 2*y + c - 4*c - 34 = 0, -c + q = 4*y. What are the prime factors of y?
23
Let u = 187 - -120. Let m = 446 - u. What are the prime factors of m?
139
Let k(p) = p - 9. Let z be k(-8). Let u = -26 + z. Let m = u - -62. What are the prime factors of m?
19
Let t be 415*((-9)/5 - -2). Let w = 133 - t. List the prime factors of w.
2, 5
Let h(x) = 